3 + 24. Let o(b) = 32*b + 4. Let m be o(i). Let h = m + 39. What are the prime factors of h?
3, 5
Let u = -239 - -341. Suppose -p + 3*p = u. List the prime factors of p.
3, 17
Let h(j) = -2 + j**3 - 10*j**2 + j + 12*j + 1. Suppose 0 = -2*k + 47 - 29. List the prime factors of h(k).
5, 7
Let j(h) = -h**2 - 2*h + 37. Let c = -21 - -23. Let b be c/4 - 2/4. What are the prime factors of j(b)?
37
Let d = 34 - 29. Suppose -q + 77 = o + d, -366 = -5*q + o. What are the prime factors of q?
73
Let z(d) be the first derivative of 3*d**2/2 - 15*d + 13. What are the prime factors of z(11)?
2, 3
Let s(a) be the third derivative of a**4/24 + 4*a**3 - 3*a**2. Let i be s(0). Suppose y = -2*t - 3*y + i, -5*t + 27 = -y. What are the prime factors of t?
2, 3
Let n = -3467 + 5823. List the prime factors of n.
2, 19, 31
Let u = 1205 - 1068. What are the prime factors of u?
137
Let g(t) = -t**3 + 4*t**2 + 2*t - 2. Let f be g(4). Let a be (-2)/1*(f - 13). Let i = 11 + a. What are the prime factors of i?
5
Let l(a) = -3*a - 6. Let i be l(-3). Suppose -3*d = -3*s + 18, -11 = -0*s - i*s - 4*d. List the prime factors of s.
5
Suppose 5*h + 3*p - 3090 = 0, 4*p = -42*h + 45*h - 1854. List the prime factors of h.
2, 3, 103
List the prime factors of 1458896/1520 - (-3)/((-30)/8).
7, 137
Suppose 3*b + 8 = 5*b. Suppose -b*n = -3*n - 8. List the prime factors of 4*(22/n)/1.
11
Suppose -4258 = -5*n - 1478. Suppose -2*r + 4*r = n. What are the prime factors of r?
2, 139
Suppose -b = -3*b - 6. Let o be 55/(-110) - (-142)/4. Let p = o + b. List the prime factors of p.
2
Let h be (450/(-4))/(4/(-8)). Suppose 5*r - h = -55. What are the prime factors of r?
2, 17
Let m(c) = c**2 + 25*c - 10. Let v be m(-25). Let z(q) = -6*q - 8. List the prime factors of z(v).
2, 13
Suppose -678 = -3*l - 3*l. List the prime factors of l.
113
Suppose -5*g = -7 - 3. Suppose j + 4*j = 2*a - 52, 2*j = g*a - 40. List the prime factors of a.
2
Let m(k) = -k**2 - 10*k - 3. Suppose y = 2*d - 56, y + 50 = 3*d - 7. Let r be y/14 - 2/14. List the prime factors of m(r).
3, 7
Suppose 39 = 11*n - 8*n. Suppose -4*s + 734 = 2*u, -n*u + 1 = -12*u. List the prime factors of s.
3, 61
Let b(k) = 6*k**2 - 2*k + 1. Let i be b(1). Suppose 0 = i*o - 11 - 4. Suppose -2*t + o*v + 4 = -23, 12 = t - 3*v. What are the prime factors of t?
3, 5
Suppose 12*z - 4*z - 6848 = 0. What are the prime factors of z?
2, 107
Suppose 0 = 19*q - 24*q + 5315. What are the prime factors of q?
1063
Let k(h) = h + 2. Let s be k(3). Suppose -s*z - 1 = -11. What are the prime factors of -12*(z - (3 - 0))?
2, 3
Let n be (6 + -1)*3*(-3)/(-15). Suppose n*o = 5*h - 0*o - 974, -4*h + 3*o = -781. List the prime factors of h.
193
Let t be -3 + 5 - (2 + 4). Let g be (-4)/(-10) - (-94)/(-10). What are the prime factors of -15*(-3)/(g/t)?
2, 5
Suppose 0 = 2*p - 274 - 298. Suppose -p = -4*c + 122. List the prime factors of c.
2, 3, 17
Suppose -2*c - 2*m + 350 + 812 = 0, -c - 2*m + 576 = 0. List the prime factors of c.
2, 293
Let s = -39 - -152. Let k = s - 89. What are the prime factors of k?
2, 3
Let q be (-4)/(-3) + (-1)/3. Suppose -14 = 5*r - 4*w + 22, -2*r - 4 = w. List the prime factors of ((-8)/q)/r + 16.
2, 3
Let r(t) = 2*t**3 - 2*t**2 - 3*t + 2. Let u be r(2). Suppose 12 = u*h - 12. Suppose -9*g + 72 = -h*g. What are the prime factors of g?
2, 3
Suppose -5*c = 5*z - 845, 4*z + 4*c - 8*c = 716. Suppose 3*u - z = 453. List the prime factors of u.
11, 19
Suppose 2*n - 515 - 435 = -2*g, g = -2*n + 474. List the prime factors of g.
2, 7, 17
Suppose 0 = -8*h + 6*h - 84. Let r be (18/(-7))/(3/h). Suppose 2*q - r = q. List the prime factors of q.
2, 3
Let b(a) = -a**3 + 7*a**2 - 3*a. Let o be b(5). What are the prime factors of (-154)/4*(-60)/o?
2, 3, 11
Let q be 5*1/10*-2*1. List the prime factors of 0 + q*1 + -14 + 30.
3, 5
Suppose 0 = -5*r - p + 10696, 2*r - 4362 = 5*p - 89. What are the prime factors of r?
3, 23, 31
Suppose -7*s + 2*s = -15. Let g(l) = 4*l**2 - l - 3. Let m be g(s). List the prime factors of -1 + -4 + 2 + m.
3
Let u(m) = 2*m**3 - m**2 + 2. Let n(q) = q**2 + 7*q + 2. Let d be n(-7). Let g be u(d). Let l = g - -9. What are the prime factors of l?
23
Suppose 592 = -11*n + 7*n. Let m = -79 - n. List the prime factors of m.
3, 23
Let b(t) = -t**3 - 42*t**2 + 3*t - 32. Let x be b(-42). Let z be (8/(-5))/((-2)/(-10)). What are the prime factors of 1*x*4/z?
79
Suppose 3*x + 73 = 991. List the prime factors of x.
2, 3, 17
Suppose -2*h - 4 = 0, -8 = -24*n + 22*n - 2*h. Let i(c) = c - 2. Let g be i(6). Suppose -6*x + n = -g*x. What are the prime factors of x?
3
Let j(c) = -c + 1. Let i(q) = -2*q + 2. Let l(s) = -i(s) + 4*j(s). Let n be l(1). Suppose 4*z + 32 - 208 = n. List the prime factors of z.
2, 11
Suppose -2 = -r - 0. Let h be r/8 + (-63)/28. What are the prime factors of (-17 - 1)*(h + 1)?
2, 3
What are the prime factors of (-126)/(-21) - (-1077 - (-3 - -3))?
3, 19
Suppose -5*n + 90 = 10. Let u(q) = 5*q + 18. List the prime factors of u(n).
2, 7
Let u(v) = -117*v + 13. Let t be u(2). What are the prime factors of (-1)/2*(3 + t)?
109
Let d be (-2)/(-10) + (-748)/(-10). Suppose -15 = 4*c - d. List the prime factors of c.
3, 5
Let n = 3 + -2. What are the prime factors of (n - 1) + (-115)/(-5)?
23
Let c(v) = -86*v - 305. What are the prime factors of c(-5)?
5
Let g = 246 + -304. Let d = -260 + 494. What are the prime factors of (-1)/(4 + d/g)?
29
List the prime factors of ((-933)/12)/((-7)/28).
311
Let s = -17 + 20. Suppose -2*r = -j + 41, 5*j - 147 = -s*r + 110. What are the prime factors of j?
7
Suppose 5*u - 18 + 0 = -3*h, 4*u = -4*h + 16. Suppose u*d = 498 - 189. What are the prime factors of d?
103
Suppose -4*c + 540 + 1300 = 0. What are the prime factors of c?
2, 5, 23
Let r(y) be the second derivative of -y**3/3 + 7*y**2 + 7*y. Let j be r(7). Suppose j = 5*m - 168 - 172. List the prime factors of m.
2, 17
Suppose 0 = -4*y + 12. Suppose 5 + 7 = -y*p. What are the prime factors of (p/6)/((-36)/1998)?
37
Let f be 6 - 9 - (1 + -76). Let v = f - 38. What are the prime factors of v?
2, 17
Let f be (-35)/(-14) + (-3)/6. Suppose -f*c = -8*c + 324. What are the prime factors of c?
2, 3
Let v be (-1)/3*13626/(-6). Suppose 2*l = 5*s + 229, s - v = -4*l - 266. What are the prime factors of l?
2, 61
Let h be 1*(4 - 3 - 1). Suppose h*q + q = 49. List the prime factors of q.
7
Suppose -b - 4*j = -5*j + 18, -4*b = -2*j + 68. What are the prime factors of (b + 8)/(0 + -2) + 2?
2, 3
Let j(d) be the third derivative of d**5/60 + 3*d**4/8 + 5*d**3/6 + 25*d**2. Let h be (-2)/9 + (-88)/9. List the prime factors of j(h).
3, 5
Suppose 8*r = 4*r - k + 1619, 4*k + 796 = 2*r. What are the prime factors of r?
2, 101
Suppose 3*n - 541 = 233. Suppose -3*q = v - 137, 39 = -2*v + 5*q + n. List the prime factors of v.
2, 61
Let s(y) = 3*y**2 + 33*y - 45. Let p(v) = -4*v**2 - 50*v + 67. Let w(j) = -5*p(j) - 7*s(j). What are the prime factors of w(12)?
2
What are the prime factors of (-41804)/(-49) - (-32)/(-28)?
2, 3, 71
Suppose -4*z + 5 = 1. Let w = 2 + z. Suppose -23 - 103 = -w*o. What are the prime factors of o?
2, 3, 7
List the prime factors of ((-7942)/(-4))/(-19)*(-14 + 0).
7, 11, 19
Let q(w) = -w**3 + 7*w**2 - w + 4. Let r be q(7). Let m be (-2 - 1) + 20 - r. Suppose -2*a = -a + 2*i - 17, -4*i - m = -4*a. What are the prime factors of a?
3
Let g be (-6)/(-15) + (33588/(-15))/(-2). Suppose -3*r = r - g. What are the prime factors of r?
2, 5, 7
Let x be 157/(-2) - 1/(-2). Let m = -45 - x. What are the prime factors of m?
3, 11
Let j = -45 - -40. Let c = 18 - j. List the prime factors of c.
23
Let l = -5 + 9. Suppose 5*t - 4*z = l, -2*z + 16 = t + z. Suppose -4*i = t - 68. List the prime factors of i.
2
Suppose 3*p + 5*b - 105 = 1087, -3*p = 3*b - 1188. What are the prime factors of p?
2, 197
Let t = -10 + 13. Let h be -1*t - (-16 + 8). Suppose -p - p + 211 = h*f, p = -2. List the prime factors of f.
43
Suppose 15 = 5*f - 3*y, f + 3*f = 5*y + 25. Suppose f = u - 6*u + 350. List the prime factors of u.
2, 5, 7
Let f = -176 - -313. What are the prime factors of f?
137
Let g(u) = 429*u**2 + 12*u + 39. What are the prime factors of g(-3)?
2, 3, 7, 23
Let l be (-2)/11 + (-48)/(-22). Suppose -5*g + l*c + 245 = -3*c, 5*g - 195 = -5*c. What are the prime factors of (-8)/g 